se 3*c - 2*y + 24 = j, 133 = 2*c + 5*y. List the prime factors of c.
59
Suppose z - 16 = -3*z. Suppose -2*v - 12 + 0 = b, -4*b - z*v - 28 = 0. What are the prime factors of ((-3)/(-3))/(b/(-44))?
2, 11
Let i = 7416 + -5017. List the prime factors of i.
2399
Suppose 752 = 9*s - 634. What are the prime factors of s?
2, 7, 11
Suppose -p + 0*p + 4 = 0. What are the prime factors of ((-4)/(-8))/1 - (-458)/p?
5, 23
Let w be ((-3)/(-3) + -1)/3. Suppose -5*n - 1 + 6 = w. List the prime factors of ((-16)/12)/(n/(-6)).
2
Let i = -6965 - -10155. List the prime factors of i.
2, 5, 11, 29
Suppose -5*b = 2*v - 4, -2*v + 4*b = 6*b - 4. Suppose -4*x = -z + 12, 0 = v*x + 5 + 1. Suppose z*d = -2*d - 5*p + 10, -8 = 4*p. List the prime factors of d.
2, 5
Suppose -3*f = -2*z - 2383, 0 = -2*z + 3*z - 1. List the prime factors of f.
3, 5, 53
Let k = 12 + 2. Let a = k + -1. Let n = -1 + a. What are the prime factors of n?
2, 3
Let j = -97 + 753. Let q = j - 456. What are the prime factors of q?
2, 5
Suppose 3*g - 12 + 6 = 0. Suppose 291 = 5*u + 3*z - 0*z, g*z - 118 = -2*u. Suppose 11 + u = 4*l. List the prime factors of l.
17
Let q(u) = u**3 + 8*u**2 + 6*u - 4. Let r be q(-7). Suppose r*z - 5*a = 150, -z - 3*a + 51 = 15. Suppose -4*s + 55 = -z. List the prime factors of s.
5
Suppose -34*r + 168 = -33*r - 5*q, 0 = 3*r - 5*q - 474. List the prime factors of r.
3, 17
Suppose 0 = 21*o - 27*o + 2412. Let r = 634 - o. What are the prime factors of r?
2, 29
Let q(x) be the second derivative of x**4/12 - 3*x**3 + 9*x**2/2 + 5*x + 9. List the prime factors of q(28).
17
Suppose 0 = -6*s + 13*s. Suppose -7*r = -s*r - 70. List the prime factors of r.
2, 5
Let t(w) = -18*w**2 + 2*w + 1. Let a be t(-3). Let n = -88 - a. List the prime factors of n.
79
Let h = -862 - -1340. List the prime factors of h.
2, 239
Let r = 300 + -268. List the prime factors of r.
2
Suppose 2*c - 6 = -12, -5*c + 1739 = 2*l. What are the prime factors of l?
877
Suppose 0 = -4*l + 3*f - 149, 5*f + 20 + 23 = -l. Let r = 40 + l. Suppose 0 = r*g + 2*g - 292. List the prime factors of g.
73
Suppose -4*v - 8 = -5*v. Let p(j) = 6*j - 11. Let t be p(v). Let w = t + -15. List the prime factors of w.
2, 11
Let r be -2 + 8/(-4) + 24. Suppose -l - r = 3*y + 53, 2*y = 2. List the prime factors of 1/(-2*2/l).
19
Suppose -5*p + 57 = 257. Let t be (p/(-3))/((-5)/(-30)). List the prime factors of (t/(-24))/((-1)/3).
2, 5
Let m(n) = -2*n**2 + 39*n - 12. What are the prime factors of m(19)?
7
Let r = 5 + -5. Suppose -l + r + 1 = 2*m, -5*m = 5*l. List the prime factors of 222/18 + m/(-3).
2, 3
Suppose 0 = -84*z + 82*z - 4*r + 1178, 2371 = 4*z + 5*r. What are the prime factors of z?
599
Suppose 3*y - 3*z + 67 - 403 = 0, -4*y + 448 = 4*z. Suppose 13*m = 12*m + y. What are the prime factors of m?
2, 7
Let a be -2 + 4 - (-690)/5. What are the prime factors of 2*(a/8 + 3)?
41
Suppose -23*m + 8*m = -3270. What are the prime factors of m?
2, 109
Suppose -3*g = v + 5 + 7, -2*g - 2*v = 12. What are the prime factors of (-238)/g + (-2)/6?
79
Let u be (-24)/36 + 16/6. Suppose -4*m + 4 = -4*x, u*x = -x + m - 5. What are the prime factors of (22 - -3) + (x - -1)?
2, 3
Let n be (-2)/(-8)*-3*52. Let j = -15 - n. List the prime factors of j.
2, 3
Let x = 40 + -38. Suppose x*t + 4 = 240. What are the prime factors of t?
2, 59
Let a(c) = c**3 - 2*c**2 - 2*c + 4. Let f be a(3). Let p(w) = w**3 - 7*w**2 + 5*w + 6. Let o be p(f). Suppose 13 = -y + o. List the prime factors of y.
2, 7
Let u(g) = g**3 - 16*g**2 + 12*g - 47. What are the prime factors of u(22)?
3121
Suppose 2*k - 1 = -z, 13 = -k + 2*z - 7*z. Suppose k - 7 = m. Let n(p) = -p**3 - 5*p**2 + p + 7. List the prime factors of n(m).
2
Let d(o) = -o**2 + 18*o - 64. List the prime factors of d(7).
13
Suppose 0 = -0*d - d + i + 375, 5*i = -2*d + 722. What are the prime factors of d?
7, 53
Suppose 3*c + 3*r + 6 + 0 = 0, -c - 22 = 5*r. Suppose -5*j + 0*j - 284 = -3*w, -w + 88 = -c*j. List the prime factors of w.
103
Let i(u) be the third derivative of -u**6/120 + u**5/30 - u**4/12 + 95*u**3/6 + u**2. List the prime factors of i(0).
5, 19
Let m(y) = -y**3 + 35*y**2 - 49*y - 74. What are the prime factors of m(32)?
2, 5, 11, 13
Let r(p) = -7*p - 2. Let z(h) = 5*h - 3. Let s(b) = -11*b + 7. Let c(i) = 4*s(i) + 9*z(i). Let x be c(-4). What are the prime factors of r(x)?
19
Let h be 125/(-2)*(-3 - -1)*1. Let u = h + -103. What are the prime factors of u?
2, 11
Suppose 69 = 4*r + a - 20, 5*r = -3*a + 106. Let u = 42 - r. Suppose -2*p + u = -31. List the prime factors of p.
5
Let o(z) = 5*z**2 + z + 7. Suppose 3*v = -t - 4*t - 3, t = 5*v - 23. Suppose 13 = -3*h + v. What are the prime factors of o(h)?
7
Suppose -o + 397 = 3*d - 93, 4*d - 1944 = -4*o. List the prime factors of o.
2, 11
Let o(r) = -r**3 - 9*r**2. Let d be o(-9). Suppose -u + 81 = -5*w, 2*w - 3*w + 2 = d. Suppose -5*k - 32 = -h, h - u = -h + k. List the prime factors of h.
47
Let o be (-2)/((4 - (0 + 3))/(-2)). Suppose -o*y - 2*r + 236 = 0, -2*y = y + 4*r - 177. What are the prime factors of y?
59
Suppose -4*l - 3*a = 12, l + 4*a = -4 + 1. Let g = l + 6. Suppose g*v = -4*q + 26, -q - q - 14 = -3*v. What are the prime factors of v?
2, 3
Let f = -41 + 43. Suppose -50 = -w - 2*c, w - f*c = c + 35. List the prime factors of w.
2, 11
Let z(r) = -r**3 + 10*r**2 + r + 9. Let v be z(10). Let k = v + -4. List the prime factors of k.
3, 5
Let d(u) = -3*u**2 + 0 + 4 - 2*u + u**2 + u**2. Let h be d(0). List the prime factors of h - 3 - (-56 + 0).
3, 19
Let t be (-213)/6 + -2 + (-1)/(-2). Let a = t - -73. What are the prime factors of a?
2, 3
Let x = -7 + 26. Suppose -8*l - 3 = -x. List the prime factors of l.
2
Let n(k) = 96*k**2 + 3*k + 10. List the prime factors of n(-6).
2, 431
Suppose -5*r + 124 = f - r, 2*r - 510 = -4*f. Suppose 0*k = 2*k - f. What are the prime factors of k?
2
Suppose 3*o - 7*o = 2*d - 68, -52 = -3*o - 2*d. Let n = 3 + o. Suppose 62 = 3*y - n. What are the prime factors of y?
3
Let t be (2 - 5)/3 - -3. Suppose 3*k - 8 + t = 0. Suppose k*n = -10, -4*s = -0*s + n - 119. List the prime factors of s.
31
Suppose 384 + 162 = -3*o. Let l = o - -382. What are the prime factors of l?
2, 5
Suppose -j + 4 = u, 2*j - j = -4. Suppose 3*q - 126 = -0*q. Let s = q - u. What are the prime factors of s?
2, 17
List the prime factors of (-6)/(-27) - ((-567640)/36)/10.
19, 83
Let z(p) = -2*p**3 + p**2 - p - 2. Let y be (-105)/25 + (-1)/(-5). Let s be (y + 3)*(3 + -2). What are the prime factors of z(s)?
2
Let t = 653 - -3. What are the prime factors of t?
2, 41
Let o = 2 + -1. Let d(q) = 150*q - 2. What are the prime factors of d(o)?
2, 37
List the prime factors of 5/60*-3 - 954/(-8).
7, 17
Suppose 55*m - 4008 = 51*m. List the prime factors of m.
2, 3, 167
Let p(b) = 2*b**2 + 9*b. Let i be p(-6). Suppose 4*k - i = 6. Let v(w) = -w**3 + 6*w**2 + 7*w + 4. List the prime factors of v(k).
2, 23
Let m = -3394 + 6897. What are the prime factors of m?
31, 113
Let s(b) = 44*b + 1. Let n(u) = -u**3 - 5*u**2 + 7*u + 5. Let m be n(-6). Let x be s(m). Let q = x + 67. What are the prime factors of q?
2, 3
Let z = 29 + -32. Let w be (1 + 3)*z/(-2). Let k(p) = 5*p + 16. List the prime factors of k(w).
2, 23
Let l(w) = w + 1 - 2*w + 2. Let c be l(0). Suppose -104 = -b - c*b. List the prime factors of b.
2, 13
Let g(f) = f + 7. Let p be g(8). Let z be -1 + (-4)/((-12)/p). Suppose 5*b - 34 = z*b. List the prime factors of b.
2, 17
What are the prime factors of 22*75 + (2 + 2 - -2)?
2, 3, 23
Suppose -4*y - 46 = 14. List the prime factors of (-1658)/(-10) - 3/y.
2, 83
Suppose -4*p - 3*b - 18 = 0, 6 - 16 = 5*b. Let w be (-156)/(-16) - p/12. Let u = w - -32. List the prime factors of u.
2, 3, 7
Suppose -24*m = -32*m + 3120. List the prime factors of m.
2, 3, 5, 13
Let d = -2187 + 3853. List the prime factors of d.
2, 7, 17
Suppose 30*n - 28*n - 4719 = -5*i, -3*n - 3766 = -4*i. What are the prime factors of i?
23, 41
Let j = 1734 - -1429. List the prime factors of j.
3163
Suppose -4*x = -0*x. Suppose -2*d - 7*d + 558 = x. List the prime factors of d.
2, 31
Let k(v) = 8*v + 5. Let d be (-8)/(-8)*(7 + 0). What are the prime factors of k(d)?
61
Suppose -3*j + 129 = -2*j. Let n = 249 - j. What are the prime factors of n?
2, 3, 5
Let q(l) = l**3 + 13*l**2 + 3*l + 18. Li